{"id":49,"date":"2020-06-01T13:39:17","date_gmt":"2020-06-01T11:39:17","guid":{"rendered":"https:\/\/bc-gandersheim.de\/?page_id=49"},"modified":"2020-06-15T13:10:55","modified_gmt":"2020-06-15T11:10:55","slug":"voraussetzungen","status":"publish","type":"page","link":"https:\/\/bc-gandersheim.de\/?page_id=49","title":{"rendered":"Voraussetzungen"},"content":{"rendered":"\n<p class=\"has-text-align-center has-large-font-size\"><span class=\"has-inline-color\" style=\"color:#fb2b2b\"><\/span><\/p>\n\n\n\n<ul class=\"wp-block-list\"><li>g\u00fcltige G26.3 <span style=\"color:#f5090c\" class=\"has-inline-color\">(Nachweis)<\/span><\/li><li>Die letzte Leistungspr\u00fcfung in einer Atemschutz\u00fcbungsstrecke <span style=\"color:#f5090c\" class=\"has-inline-color\">(Nachweis)<\/span><\/li><li>darf nicht l\u00e4nger als 12 Monate zur\u00fcckliegen <span style=\"color:#f5090c\" class=\"has-inline-color\">(Nachweis)<\/span><\/li><li>Die Hohlstrahlrohausbildung auf Standortebene <\/li><\/ul>\n\n\n\n<p><\/p>\n","protected":false},"excerpt":{"rendered":"<p>g\u00fcltige G26.3 (Nachweis) Die letzte Leistungspr\u00fcfung in einer Atemschutz\u00fcbungsstrecke (Nachweis) darf nicht l\u00e4nger als 12 Monate zur\u00fcckliegen (Nachweis) Die Hohlstrahlrohausbildung auf Standortebene<\/p>\n","protected":false},"author":1,"featured_media":0,"parent":318,"menu_order":0,"comment_status":"closed","ping_status":"closed","template":"","meta":{"footnotes":""},"class_list":["post-49","page","type-page","status-publish","hentry"],"_links":{"self":[{"href":"https:\/\/bc-gandersheim.de\/index.php?rest_route=\/wp\/v2\/pages\/49","targetHints":{"allow":["GET"]}}],"collection":[{"href":"https:\/\/bc-gandersheim.de\/index.php?rest_route=\/wp\/v2\/pages"}],"about":[{"href":"https:\/\/bc-gandersheim.de\/index.php?rest_route=\/wp\/v2\/types\/page"}],"author":[{"embeddable":true,"href":"https:\/\/bc-gandersheim.de\/index.php?rest_route=\/wp\/v2\/users\/1"}],"replies":[{"embeddable":true,"href":"https:\/\/bc-gandersheim.de\/index.php?rest_route=%2Fwp%2Fv2%2Fcomments&post=49"}],"version-history":[{"count":2,"href":"https:\/\/bc-gandersheim.de\/index.php?rest_route=\/wp\/v2\/pages\/49\/revisions"}],"predecessor-version":[{"id":377,"href":"https:\/\/bc-gandersheim.de\/index.php?rest_route=\/wp\/v2\/pages\/49\/revisions\/377"}],"up":[{"embeddable":true,"href":"https:\/\/bc-gandersheim.de\/index.php?rest_route=\/wp\/v2\/pages\/318"}],"wp:attachment":[{"href":"https:\/\/bc-gandersheim.de\/index.php?rest_route=%2Fwp%2Fv2%2Fmedia&parent=49"}],"curies":[{"name":"wp","href":"https:\/\/api.w.org\/{rel}","templated":true}]}}