{"id":60,"date":"2020-06-01T13:45:17","date_gmt":"2020-06-01T11:45:17","guid":{"rendered":"https:\/\/bc-gandersheim.de\/?page_id=60"},"modified":"2020-06-14T14:45:19","modified_gmt":"2020-06-14T12:45:19","slug":"ausbildungs-module","status":"publish","type":"page","link":"https:\/\/bc-gandersheim.de\/?page_id=60","title":{"rendered":"Ausbildungsmodule"},"content":{"rendered":"\n<p class=\"has-text-align-center has-large-font-size\"><strong>Unsere Ausbildung wird st\u00e4tig verbessert, um unseren Teilnehmern die wachsenden Anforderungen, aus dem Einsatzdienst zu vermitteln. <\/strong><\/p>\n\n\n\n<p><strong>Die Komplexit\u00e4t der heutigen Eins\u00e4tze und auch die Anforderungen an die Atemschutzger\u00e4tetr\u00e4ger, haben sich in den vergangenen Jahren ge\u00e4ndert.                                                                                Daher wurde zu unserem Grundmodul 1 &#8222;Brandbek\u00e4mpfung im Innenangriff&#8220;&nbsp; noch die Module 2-3 definiert.<\/strong><\/p>\n\n\n\n<p class=\"has-large-font-size\"><strong><span class=\"has-inline-color\" style=\"color:#fd2b2b\"><strong><u>Bitte beachten:<\/u><\/strong><\/span><\/strong><\/p>\n\n\n\n<p class=\"has-text-align-left has-normal-font-size\"><strong>Die Module 2 &amp; 3 sollten nur belegt werden, wenn die Teilnehmer einen&nbsp;hohen&nbsp;Ausbildungsstand besitzen und das Modul 1 in der B\u00fcA FTZ Bad Gandersheim durchlaufen haben.<\/strong><\/p>\n\n\n\n<p class=\"has-large-font-size\"><a href=\"https:\/\/bc-gandersheim.de\/?page_id=85\"><strong><span style=\"color:#fd2b2b\" class=\"has-inline-color\">Modul 1 &#8211;> Zimmerbrand<\/span><\/strong><\/a><\/p>\n\n\n\n<p class=\"has-large-font-size\"><a href=\"https:\/\/bc-gandersheim.de\/?page_id=87\"><span style=\"color:#fd2b2b\" class=\"has-inline-color\"><strong>Modul 2 &#8211;> Zimmerbrand mit Menschenrettung<\/strong><\/span><\/a><\/p>\n\n\n\n<p class=\"has-large-font-size\"><a href=\"https:\/\/bc-gandersheim.de\/?page_id=89\"><strong><span style=\"color:#fd2b2b\" class=\"has-inline-color\">Modul 3 &#8211;> Geb\u00e4udebrand mit Kameradenrettung<\/span><\/strong><\/a><\/p>\n","protected":false},"excerpt":{"rendered":"<p>Unsere Ausbildung wird st\u00e4tig verbessert, um unseren Teilnehmern die wachsenden Anforderungen, aus dem Einsatzdienst zu vermitteln. Die Komplexit\u00e4t der heutigen Eins\u00e4tze und auch die Anforderungen an die Atemschutzger\u00e4tetr\u00e4ger, haben sich in den vergangenen Jahren ge\u00e4ndert. Daher wurde zu unserem Grundmodul 1 &#8222;Brandbek\u00e4mpfung im Innenangriff&#8220;&nbsp; noch die Module 2-3 definiert. Bitte beachten: Die Module 2 &amp; [&hellip;]<\/p>\n","protected":false},"author":1,"featured_media":0,"parent":320,"menu_order":0,"comment_status":"closed","ping_status":"closed","template":"","meta":{"footnotes":""},"class_list":["post-60","page","type-page","status-publish","hentry"],"_links":{"self":[{"href":"https:\/\/bc-gandersheim.de\/index.php?rest_route=\/wp\/v2\/pages\/60","targetHints":{"allow":["GET"]}}],"collection":[{"href":"https:\/\/bc-gandersheim.de\/index.php?rest_route=\/wp\/v2\/pages"}],"about":[{"href":"https:\/\/bc-gandersheim.de\/index.php?rest_route=\/wp\/v2\/types\/page"}],"author":[{"embeddable":true,"href":"https:\/\/bc-gandersheim.de\/index.php?rest_route=\/wp\/v2\/users\/1"}],"replies":[{"embeddable":true,"href":"https:\/\/bc-gandersheim.de\/index.php?rest_route=%2Fwp%2Fv2%2Fcomments&post=60"}],"version-history":[{"count":0,"href":"https:\/\/bc-gandersheim.de\/index.php?rest_route=\/wp\/v2\/pages\/60\/revisions"}],"up":[{"embeddable":true,"href":"https:\/\/bc-gandersheim.de\/index.php?rest_route=\/wp\/v2\/pages\/320"}],"wp:attachment":[{"href":"https:\/\/bc-gandersheim.de\/index.php?rest_route=%2Fwp%2Fv2%2Fmedia&parent=60"}],"curies":[{"name":"wp","href":"https:\/\/api.w.org\/{rel}","templated":true}]}}